{"id":2661,"date":"2022-11-06T13:02:50","date_gmt":"2022-11-06T10:02:50","guid":{"rendered":"http:\/\/aydoks.com\/?post_type=product&#038;p=2661"},"modified":"2025-07-02T00:55:10","modified_gmt":"2025-07-01T21:55:10","slug":"yuvarlak-gold-masa-ve-buona-sandalyeler","status":"publish","type":"product","link":"https:\/\/aydoks.com\/?product=yuvarlak-gold-masa-ve-buona-sandalyeler","title":{"rendered":"Yuvarlak Gold Masa Ve Buona Sandalyeler"},"content":{"rendered":"","protected":false},"excerpt":{"rendered":"","protected":false},"featured_media":2654,"comment_status":"open","ping_status":"closed","template":"","meta":{"_joinchat":[]},"product_brand":[],"product_cat":[43,116,32],"product_tag":[139,129,178,171,177],"class_list":{"0":"post-2661","1":"product","2":"type-product","3":"status-publish","4":"has-post-thumbnail","6":"product_cat-masa-takimi","7":"product_cat-one-cikanlar","8":"product_cat-set-urunler","9":"product_tag-buona-sandalye","10":"product_tag-elegance-sandalye","11":"product_tag-gold-masa-takimi","12":"product_tag-umay-sandalye","13":"product_tag-yuvarlak-masa-takimi","15":"first","16":"instock","17":"sale","18":"taxable","19":"shipping-taxable","20":"purchasable","21":"product-type-simple"},"yoast_head":"<!-- This site is optimized with the Yoast SEO Premium plugin v15.0 - https:\/\/yoast.com\/wordpress\/plugins\/seo\/ -->\n<title>Yuvarlak Gold Masa Ve Buona Sandalyeler &raquo; Aydoks Masa Sandalye<\/title>\n<meta name=\"description\" content=\"Yuvarlak Gold Masa Ve Buona Sandalyeler Yepyeni \u00dcr\u00fcnler \u0130\u00e7in Hemen T\u0131kla Ke\u015ffetmeye Ba\u015fla\" \/>\n<meta name=\"robots\" content=\"index, follow, max-snippet:-1, max-image-preview:large, max-video-preview:-1\" \/>\n<link rel=\"canonical\" href=\"https:\/\/aydoks.com\/?product=yuvarlak-gold-masa-ve-buona-sandalyeler\" \/>\n<meta property=\"og:locale\" content=\"tr_TR\" \/>\n<meta property=\"og:type\" content=\"article\" \/>\n<meta property=\"og:title\" content=\"Yuvarlak Gold Masa Ve Buona Sandalyeler &raquo; Aydoks Masa Sandalye\" \/>\n<meta property=\"og:description\" content=\"Yuvarlak Gold Masa Ve Buona Sandalyeler Yepyeni \u00dcr\u00fcnler \u0130\u00e7in Hemen T\u0131kla Ke\u015ffetmeye Ba\u015fla\" \/>\n<meta property=\"og:url\" content=\"https:\/\/aydoks.com\/?product=yuvarlak-gold-masa-ve-buona-sandalyeler\" \/>\n<meta property=\"og:site_name\" content=\"Aydoks Masa Sandalye\" \/>\n<meta property=\"article:publisher\" content=\"https:\/\/www.facebook.com\/aydoksmasasandalye\/?ref=pages_you_manage\" \/>\n<meta property=\"article:modified_time\" content=\"2025-07-01T21:55:10+00:00\" \/>\n<meta property=\"og:image\" content=\"https:\/\/aydoks.com\/wp-content\/uploads\/2022\/11\/7F60F60F-EB5A-4B3A-AE2E-551CE66D8692.jpeg\" \/>\n\t<meta property=\"og:image:width\" content=\"1440\" \/>\n\t<meta property=\"og:image:height\" content=\"1589\" \/>\n<meta name=\"twitter:card\" content=\"summary_large_image\" \/>\n<script type=\"application\/ld+json\" class=\"yoast-schema-graph\">{\"@context\":\"https:\/\/schema.org\",\"@graph\":[{\"@type\":\"Organization\",\"@id\":\"https:\/\/aydoks.com\/#organization\",\"name\":\"Aydoks\",\"url\":\"https:\/\/aydoks.com\/\",\"sameAs\":[\"https:\/\/www.facebook.com\/aydoksmasasandalye\/?ref=pages_you_manage\",\"https:\/\/www.instagram.com\/aydoks\/\"],\"logo\":{\"@type\":\"ImageObject\",\"@id\":\"https:\/\/aydoks.com\/#logo\",\"inLanguage\":\"tr\",\"url\":\"https:\/\/aydoks.com\/wp-content\/uploads\/2021\/06\/cropped-ayd.png\",\"width\":512,\"height\":512,\"caption\":\"Aydoks\"},\"image\":{\"@id\":\"https:\/\/aydoks.com\/#logo\"}},{\"@type\":\"WebSite\",\"@id\":\"https:\/\/aydoks.com\/#website\",\"url\":\"https:\/\/aydoks.com\/\",\"name\":\"Aydoks Masa Sandalye\",\"description\":\"Masa Tak\\u0131mlar\\u0131 , Sandalye Modelleri , Dresuar Modelleri , Sehpa Modelleri , Bah\\u00e7e Tak\\u0131mlar\\u0131 Gibi Bir\\u00e7ok \\u00dcr\\u00fcn\",\"publisher\":{\"@id\":\"https:\/\/aydoks.com\/#organization\"},\"potentialAction\":[{\"@type\":\"SearchAction\",\"target\":\"https:\/\/aydoks.com\/?s={search_term_string}\",\"query-input\":\"required name=search_term_string\"}],\"inLanguage\":\"tr\"},{\"@type\":\"ImageObject\",\"@id\":\"https:\/\/aydoks.com\/?product=yuvarlak-gold-masa-ve-buona-sandalyeler#primaryimage\",\"inLanguage\":\"tr\",\"url\":\"https:\/\/aydoks.com\/wp-content\/uploads\/2022\/11\/7F60F60F-EB5A-4B3A-AE2E-551CE66D8692.jpeg\",\"width\":1440,\"height\":1589},{\"@type\":\"WebPage\",\"@id\":\"https:\/\/aydoks.com\/?product=yuvarlak-gold-masa-ve-buona-sandalyeler#webpage\",\"url\":\"https:\/\/aydoks.com\/?product=yuvarlak-gold-masa-ve-buona-sandalyeler\",\"name\":\"Yuvarlak Gold Masa Ve Buona Sandalyeler &raquo; Aydoks Masa Sandalye\",\"isPartOf\":{\"@id\":\"https:\/\/aydoks.com\/#website\"},\"primaryImageOfPage\":{\"@id\":\"https:\/\/aydoks.com\/?product=yuvarlak-gold-masa-ve-buona-sandalyeler#primaryimage\"},\"datePublished\":\"2022-11-06T10:02:50+00:00\",\"dateModified\":\"2025-07-01T21:55:10+00:00\",\"description\":\"Yuvarlak Gold Masa Ve Buona Sandalyeler Yepyeni \\u00dcr\\u00fcnler \\u0130\\u00e7in Hemen T\\u0131kla Ke\\u015ffetmeye Ba\\u015fla\",\"breadcrumb\":{\"@id\":\"https:\/\/aydoks.com\/?product=yuvarlak-gold-masa-ve-buona-sandalyeler#breadcrumb\"},\"inLanguage\":\"tr\",\"potentialAction\":[{\"@type\":\"ReadAction\",\"target\":[\"https:\/\/aydoks.com\/?product=yuvarlak-gold-masa-ve-buona-sandalyeler\"]}]},{\"@type\":\"BreadcrumbList\",\"@id\":\"https:\/\/aydoks.com\/?product=yuvarlak-gold-masa-ve-buona-sandalyeler#breadcrumb\",\"itemListElement\":[{\"@type\":\"ListItem\",\"position\":1,\"item\":{\"@type\":\"WebPage\",\"@id\":\"https:\/\/aydoks.com\/\",\"url\":\"https:\/\/aydoks.com\/\",\"name\":\"Anasayfa\"}},{\"@type\":\"ListItem\",\"position\":2,\"item\":{\"@type\":\"WebPage\",\"@id\":\"https:\/\/aydoks.com\/?page_id=45\",\"url\":\"https:\/\/aydoks.com\/?page_id=45\",\"name\":\"\\u00dcr\\u00fcnler\"}},{\"@type\":\"ListItem\",\"position\":3,\"item\":{\"@type\":\"WebPage\",\"@id\":\"https:\/\/aydoks.com\/?product=yuvarlak-gold-masa-ve-buona-sandalyeler\",\"url\":\"https:\/\/aydoks.com\/?product=yuvarlak-gold-masa-ve-buona-sandalyeler\",\"name\":\"Yuvarlak Gold Masa Ve Buona Sandalyeler\"}}]}]}<\/script>\n<!-- \/ Yoast SEO Premium plugin. -->","_links":{"self":[{"href":"https:\/\/aydoks.com\/index.php?rest_route=\/wp\/v2\/product\/2661","targetHints":{"allow":["GET"]}}],"collection":[{"href":"https:\/\/aydoks.com\/index.php?rest_route=\/wp\/v2\/product"}],"about":[{"href":"https:\/\/aydoks.com\/index.php?rest_route=\/wp\/v2\/types\/product"}],"replies":[{"embeddable":true,"href":"https:\/\/aydoks.com\/index.php?rest_route=%2Fwp%2Fv2%2Fcomments&post=2661"}],"wp:featuredmedia":[{"embeddable":true,"href":"https:\/\/aydoks.com\/index.php?rest_route=\/wp\/v2\/media\/2654"}],"wp:attachment":[{"href":"https:\/\/aydoks.com\/index.php?rest_route=%2Fwp%2Fv2%2Fmedia&parent=2661"}],"wp:term":[{"taxonomy":"product_brand","embeddable":true,"href":"https:\/\/aydoks.com\/index.php?rest_route=%2Fwp%2Fv2%2Fproduct_brand&post=2661"},{"taxonomy":"product_cat","embeddable":true,"href":"https:\/\/aydoks.com\/index.php?rest_route=%2Fwp%2Fv2%2Fproduct_cat&post=2661"},{"taxonomy":"product_tag","embeddable":true,"href":"https:\/\/aydoks.com\/index.php?rest_route=%2Fwp%2Fv2%2Fproduct_tag&post=2661"}],"curies":[{"name":"wp","href":"https:\/\/api.w.org\/{rel}","templated":true}]}}